e
Is 3577 a multiple of 49?
True
Does 13 divide 211961?
False
Does 163 divide 446321?
False
Is 3 a factor of 13995?
True
Is 51249 a multiple of 11?
True
Does 76 divide 3089400?
True
Does 141 divide 412566?
True
Does 24 divide 384625?
False
Is 22 a factor of 240090?
False
Does 1449 divide 11687286?
False
Is 15 a factor of 75669?
False
Does 795 divide 1329497?
False
Is 13973514 a multiple of 146?
True
Is 5 a factor of 544215?
True
Is 6 a factor of 5665182?
True
Is 183 a factor of 188307?
True
Is 15 a factor of 250402?
False
Is 41 a factor of 43173?
True
Does 396 divide 105336?
True
Does 47 divide 1604157?
True
Is 26 a factor of 188240?
True
Does 461 divide 11696874?
False
Does 412 divide 300760?
True
Is 151 a factor of 1269457?
True
Is 39 a factor of 40518?
False
Is 10 a factor of 121570?
True
Is 383311 a multiple of 10?
False
Does 29 divide 6509628?
False
Is 228834 a multiple of 9?
True
Does 143 divide 592945?
False
Is 271989 a multiple of 643?
True
Does 14 divide 349076?
True
Is 1717655 a multiple of 1265?
False
Is 91 a factor of 394849?
True
Does 7 divide 259997?
False
Is 1452556 a multiple of 7?
True
Does 9 divide 656622?
True
Is 13 a factor of 560941?
False
Is 724850 a multiple of 350?
True
Is 120213 a multiple of 333?
True
Is 14 a factor of 273140?
True
Is 13 a factor of 62589?
False
Is 57627 a multiple of 19?
True
Is 9317 a multiple of 46?
False
Does 38 divide 2626190?
False
Does 241 divide 105044?
False
Is 434380 a multiple of 18?
False
Is 1997593 a multiple of 63?
False
Does 14 divide 1581040?
False
Is 189 a factor of 233415?
True
Is 26 a factor of 19217432?
True
Is 15 a factor of 573259?
False
Is 4 a factor of 1112656?
True
Is 4542518 a multiple of 4?
False
Is 65 a factor of 240825?
True
Is 87533 a multiple of 301?
False
Is 20 a factor of 617600?
True
Is 100 a factor of 408800?
True
Does 13 divide 11154?
True
Is 36 a factor of 940248?
True
Is 4 a factor of 6400?
True
Is 8 a factor of 437720?
True
Is 2502708 a multiple of 473?
False
Is 2 a factor of 19809?
False
Is 62 a factor of 348473?
False
Is 27 a factor of 131625?
True
Is 5559546 a multiple of 237?
True
Is 4 a factor of 54296?
True
Does 19 divide 358994?
False
Does 302 divide 607498?
False
Is 152034 a multiple of 252?
False
Does 24 divide 214728?
True
Is 28868340 a multiple of 2302?
False
Is 385 a factor of 6938489?
False
Is 73659 a multiple of 96?
False
Does 207 divide 36846?
True
Does 147 divide 3164?
False
Is 521521 a multiple of 7?
True
Is 19 a factor of 988874?
True
Does 3 divide 187857?
True
Is 301873 a multiple of 5?
False
Does 341 divide 1252493?
True
Is 86 a factor of 13588?
True
Does 494 divide 2275858?
True
Is 18 a factor of 332379?
False
Is 167 a factor of 14627?
False
Is 15 a factor of 66795?
True
Is 66687 a multiple of 3?
True
Is 37 a factor of 481703?
True
Is 48 a factor of 2447136?
True
Is 781910 a multiple of 152?
False
Does 97 divide 96321?
True
Is 50 a factor of 110350?
True
Is 3777202 a multiple of 11?
True
Does 404 divide 315120?
True
Is 346 a factor of 14186?
True
Is 419 a factor of 1676000?
True
Is 61916 a multiple of 23?
True
Does 44 divide 706244?
True
Is 76921 a multiple of 21?
False
Is 15 a factor of 98865?
True
Is 37257 a multiple of 38?
False
Does 21 divide 6585920?
False
Is 45298 even?
True
Does 6 divide 45825?
False
Is 60 a factor of 4452660?
True
Is 14002184 a multiple of 244?
True
Is 1620428 a multiple of 19?
False
Is 553 a factor of 4609808?
True
Does 84 divide 139608?
True
Is 206944 a multiple of 11?
False
Is 1070858 a multiple of 4?
False
Is 1691325 a multiple of 25?
True
Is 8266230 a multiple of 9?
True
Is 78840 a multiple of 60?
True
Is 2752287 a multiple of 12?
False
Is 3 a factor of 28385?
False
Is 218 a factor of 854899?
False
Does 67 divide 2012479?
True
Does 28 divide 2461191?
False
Is 6 a factor of 69626?
False
Is 12 a factor of 382392?
True
Is 372428 a multiple of 658?
True
Does 5 divide 48193?
False
Does 3 divide 166269?
True
Is 74191 a multiple of 9?
False
Is 81454 a multiple of 4?
False
Is 89670 a multiple of 7?
True
Does 100 divide 43365?
False
Does 4 divide 188369?
False
Is 5301742 a multiple of 127?
True
Is 17 a factor of 1262284?
True
Does 54 divide 52272?
True
Does 15 divide 392808?
False
Is 40 a factor of 4244?
False
Does 21 divide 7004634?
True
Is 19 a factor of 1000844?
True
Does 34 divide 328210?
False
Does 513 divide 422712?
True
Does 73 divide 634598?
False
Is 891665 a multiple of 194?
False
Does 8 divide 6789016?
True
Is 29700 a multiple of 12?
True
Is 14830 a multiple of 21?
False
Is 593 a factor of 9580506?
False
Is 100683 a multiple of 33?
True
Does 723 divide 13444247?
False
Is 11 a factor of 13079?
True
Is 101643 a multiple of 39?
False
Is 12 a factor of 81034?
False
Is 148304 a multiple of 13?
True
Does 10 divide 56092?
False
Is 556832 a multiple of 60?
False
Does 93 divide 17351?
False
Is 3 a factor of 2028444?
True
Does 98 divide 192212?
False
Does 21 divide 488859?
True
Is 50771 a multiple of 3?
False
Is 10776972 a multiple of 49?
False
Is 555 a factor of 76590?
True
Does 38 divide 1435272?
False
Is 28 a factor of 74676?
True
Does 2 divide 27964?
True
Does 48 divide 6832032?
True
Does 11 divide 105193?
True
Is 7 a factor of 598388?
True
Does 9 divide 138378?
False
Does 92 divide 103002?
False
Is 83 a factor of 166415?
True
Is 286 a factor of 733018?
True
Is 190 a factor of 205346?
False
Does 64 divide 109120?
True
Is 1144891 a multiple of 11?
True
Does 544 divide 6263229?
False
Is 97 a factor of 562600?
True
Does 16 divide 126746?
False
Does 5 divide 2767420?
True
Is 668610 a multiple of 46?
True
Does 236 divide 4248?
True
Is 739 a factor of 135976?
True
Is 5 a factor of 9553745?
True
Does 857 divide 1508320?
True
Does 62 divide 92106?
False
Is 33789185 a multiple of 43?
True
Is 579 a factor of 3211134?
True
Is 8429148 a multiple of 117?
True
Is 251416 a multiple of 17?
False
Is 26125 a multiple of 95?
True
Is 25 a factor of 1808215?
False
Is 9056557 a multiple of 840?
False
Is 25 a factor of 215775?
True
Does 878 divide 7381346?
True
Does 46 divide 3889714?
True
Is 665 a factor of 3612945?
True
Does 93 divide 1936353?
True
Is 488474 a multiple of 37?
True
Does 12 divide 48072?
True
Is 14 a factor of 612069?
False
Does 10 divide 1512471?
False
Is 616489 a multiple of 32?
False
Does 8 divide 463524?
False
Is 1913170 a multiple of 10?
True
Is 53 a factor of 1013254?
True
Is 193604 a multiple of 1185?
False
Is 5796337 a multiple of 1556?
False
Does 42 divide 12680052?
True
Is 134 a factor of 325952?
False
Is 528019 a multiple of 59?
False
Does 243 divide 201204?
True
Is 2194922 a multiple of 52?
False
Is 74 a factor of 34706?
True
Is 86604 a multiple of 21?
True
Is 289280 a multiple of 32?
True
Does 18 divide 15121477?
False
Is 2955619 a multiple of 56?
False
Does 59 divide 26137?
True
Is 73 a factor of 2854482?
False
Is 20 a factor of 1509143?
False
Is 15188297 a multiple of 563?
False
Is 17000 a multiple of 2?
True
Does 417 divide 320121?
False
Is 9173178 a multiple of 423?
True
Is 629 a multiple of 2?
False
Does 334 divide 1031058?
True
Is 199 a factor of 6169?
True
Is 184 a factor of 7574264?
False
Does 13 divide 158470?
True
Does 19 divide 244359?
True
Is 384503 a multiple of 133?
True
Is 685 a factor of 636978?
False
Is 99 a factor of 602014?
False
Is 2029991 a multiple of 302?
False
Is 236 a factor of 74812?
True
Is 24 a factor of 336432?
True
Is 26 a factor of 21788?
True
Does 60 divide 1795890?
False
Is 33860 a multiple of 20?
True
Is 90 a factor of 14143357?
False
Is 4 a factor of 71594?
False
Does 28 divide 5303661?
False
Is 23 a factor of 4849090?
True
Is 3450020 a multiple of 11?
False
Is 90 a factor of 2745090?
True
Is 17163905 a multiple of 11?
True
Is 29790 a multiple of 9?
True
Is 41528 a multiple of 19?
False
Is 32 a factor of 2181056?
True
Is 553052 a multiple of 317?
False
Is 29 a factor of 1164839?
False
Is 393976 a multiple of 296?
True
Does 21 divide 241912?
False
Is 3192816 a multiple of 12?
True
Does 22 divide 1894288?
True
Does 682 divide 365411?
False
Is 16106 a multiple of 16?
False
Is 62 a factor of 4801380?
False
Is 141382 a multiple of 86?
False
Does 229 divide 2713421?
True
Is 71985 a multiple of 50?
False
Is 662 a factor of 6570350?
True
Does 54 divide 1277232?
False
Is 250 a fac